- -10b?
55
In base 9, what is 2611 + 5?
2616
In base 3, what is -1010 - 10?
-1020
In base 15, what is 115 - -3?
118
In base 15, what is 3 + -72?
-6e
In base 10, what is -117 + -4?
-121
In base 5, what is 33 + 3430?
4013
In base 9, what is -207 + -4?
-212
In base 6, what is 0 - -45522?
45522
In base 11, what is 11 - 326?
-315
In base 16, what is -3 - f?
-12
In base 14, what is 45 + 3?
48
In base 9, what is -84 + 0?
-84
In base 8, what is 4401 - 0?
4401
In base 6, what is 54 - 4?
50
In base 11, what is 30 - -14?
44
In base 12, what is 0 + 198?
198
In base 3, what is 1 - 121022?
-121021
In base 9, what is 2 - 28?
-26
In base 12, what is 2 + -414?
-412
In base 12, what is 2 + 119?
11b
In base 13, what is 88c4 + -1?
88c3
In base 3, what is 110211 - -12?
111000
In base 12, what is 9490 + 4?
9494
In base 3, what is -120 + 102201?
102011
In base 10, what is 372 + 25?
397
In base 2, what is -100001001001 - 0?
-100001001001
In base 4, what is 112 - 200?
-22
In base 8, what is 4 + -3003?
-2777
In base 7, what is 11 + 440?
451
In base 13, what is -a2b - -7?
-a24
In base 7, what is -3 - -11031?
11025
In base 10, what is -503 + 4?
-499
In base 13, what is 262 - -7?
269
In base 7, what is 3543 + 4?
3550
In base 5, what is -3111 - 41?
-3202
In base 10, what is 7 + 20?
27
In base 11, what is 4 + -207?
-203
In base 11, what is -73 + -12?
-85
In base 13, what is 0 - 31a1?
-31a1
In base 2, what is -10000010001 - 11?
-10000010100
In base 2, what is 11101 - -100?
100001
In base 14, what is -c8d - -4?
-c89
In base 14, what is 0 - 48?
-48
In base 9, what is -7 + -12?
-20
In base 11, what is -379 + -2?
-380
In base 6, what is -3315 - 2?
-3321
In base 7, what is -625 - -2?
-623
In base 15, what is c7 - 2?
c5
In base 12, what is -7 + 1246?
123b
In base 15, what is -59d + 4?
-599
In base 15, what is 24 - -149?
16d
In base 16, what is 66 - 10?
56
In base 15, what is -6 + -3e8?
-3ee
In base 16, what is 6 - 6?
0
In base 7, what is 163 + 2?
165
In base 3, what is -1 + 10201221?
10201220
In base 3, what is 2112100 + 2?
2112102
In base 2, what is -10000000001111 + 1?
-10000000001110
In base 11, what is 0 + 49?
49
In base 8, what is -1023 - -4?
-1017
In base 16, what is -18 - b?
-23
In base 4, what is 1 + 302?
303
In base 13, what is -51a - -3?
-517
In base 16, what is -55e - -1?
-55d
In base 10, what is 5 + 8?
13
In base 7, what is -230 + 3?
-224
In base 12, what is -2 - -5?
3
In base 13, what is 1 - -4c?
50
In base 4, what is -10 + 1211212?
1211202
In base 2, what is -101 - 1?
-110
In base 9, what is -21671 - -5?
-21665
In base 4, what is 2011 + -1010?
1001
In base 6, what is 4 - 1255?
-1251
In base 4, what is 123033 + 2?
123101
In base 7, what is 0 - 200?
-200
In base 5, what is -12 - 32?
-44
In base 5, what is 2 - 3112?
-3110
In base 6, what is 12411 - 3?
12404
In base 11, what is -4 - -48?
44
In base 14, what is 14 - -a6?
ba
In base 9, what is -4226 + -3?
-4230
In base 3, what is 100101 + 2?
100110
In base 13, what is 2ac + 2?
2b1
In base 3, what is -200101 - -2?
-200022
In base 13, what is -186 + 3?
-183
In base 7, what is 5 - -363?
401
In base 7, what is 1 + -615?
-614
In base 3, what is 1 - 10202?
-10201
In base 10, what is 4 + -247?
-243
In base 5, what is 0 - -1041?
1041
In base 4, what is 103 - 1223?
-1120
In base 10, what is -550 - -5?
-545
In base 3, what is -2 - -20022101?
20022022
In base 9, what is -6 - 85?
-102
In base 14, what is 2 - 4?
-2
In base 3, what is -202 + 1220?
1011
In base 9, what is 3 + -86?
-83
In base 13, what is -a87 - 9?
-a93
In base 14, what is 16 - -71?
87
In base 12, what is -208 - -6?
-202
In base 2, what is -10 + 1011000111?
1011000101
In base 8, what is -35 - -72?
35
In base 15, what is -101 - 65?
-166
In base 9, what is 662 - 3?
658
In base 8, what is -35 - -2?
-33
In base 5, what is -1 - 203?
-204
In base 5, what is -11103 + 3?
-11100
In base 3, what is -10200022 + 12?
-10200010
In base 11, what is -5 + 309?
304
In base 11, what is 105 - 3?
102
In base 9, what is -41 + -38?
-80
In base 13, what is -28 - -1c?
-9
In base 5, what is 3 - -2414?
2422
In base 15, what is -4d9 + 8?
-4d1
In base 14, what is 4 - -6?
a
In base 14, what is -12d8 - 1?
-12d9
In base 4, what is -3 - 1102?
-1111
In base 13, what is -1a + -11?
-2b
In base 6, what is 0 + -51?
-51
In base 16, what is -10 - 420?
-430
In base 6, what is -3 - -23?
20
In base 16, what is -4132 + -5?
-4137
In base 8, what is 4 - 6226?
-6222
In base 16, what is -5 + 11fe?
11f9
In base 15, what is 4 - a38?
-a34
In base 7, what is -54 + 0?
-54
In base 4, what is -2 - 3202?
-3210
In base 16, what is 4 + -2c?
-28
In base 5, what is -142 + 130?
-12
In base 11, what is 66 + 0?
66
In base 2, what is 11 - 10010111?
-10010100
In base 10, what is -32 - -6?
-26
In base 15, what is 5 - -12?
17
In base 2, what is 111011100001 - -1?
111011100010
In base 15, what is e1 - 2?
de
In base 11, what is -718 + 2?
-716
In base 8, what is 1034 - 4?
1030
In base 8, what is 600 + 10?
610
In base 14, what is c445 - -5?
c44a
In base 13, what is -484 + 3?
-481
In base 13, what is 0 + b22?
b22
In base 6, what is 14 + 345?
403
In base 16, what is 7 + 8?
f
In base 16, what is 2c - 2?
2a
In base 13, what is 5 - -15?
1a
In base 15, what is -58 + -b2?
-11a
In base 13, what is 2 - -2?
4
In base 6, what is -100 - -303?
203
In base 5, what is -1 + -14033?
-14034
In base 12, what is 1 + -b?
-a
In base 4, what is 1 - 220?
-213
In base 3, what is 10001 - -202?
10210
In base 7, what is -21 - 100?
-121
In base 7, what is -3 - -505?
502
In base 13, what is -54 - b?
-62
In base 8, what is -301 - 2?
-303
In base 8, what is 1 - 2?
-1
In base 5, what is 10213 + -12?
10201
In base 14, what is -3 + -1a?
-1d
In base 8, what is 5 + -7?
-2
In base 9, what is 17 - -1?
18
In base 12, what is 5 - -50a?
513
In base 14, what is -1 + 3b?
3a
In base 4, what is -11112 - -311?
-10201
In base 4, what is 3201 + 11?
3212
In base 4, what is 13 + -300?
-221
In base 3, what is -10 + 121?
111
In base 9, what is -72 + -85?
-167
In base 11, what is 5 - 1163?
-1159
In base 8, what is 215 - 13?
202
In base 13, what is 5 + 1347?
134c
In base 6, what is 24 + -22?
2
In base 7, what is 43 - -40?
113
In base 15, what is -a + c7d?
c73
In base 8, what is -5364 - 1?
-5365
In base 14, what is -36 - -a?
-2a
In base 12, what is -332 + -1?
-333
In base 5, what is 1 - -13122?
13123
In base 13, what is 1 - 22?
-21
In base 11, what is -2 + 713?
711
In base 5, what is 33221 - -10?
33231
In base 12, what is -10 - -3?
-9
In base 3, what is 0 - -120?
120
In base 5, what is 1 - -1113?
1114
In base 11, what is 135 - 1a?
116
In base 12, what is -206 - 4?
-20a
In base 11, what is -2 + 363?
361
In base 6, what is 45 + 100?
145
In base 2, what is 101 + -10110?
-10001
In base 14, what is -3 + 20?
1b
In base 2, what is 11000 + 11001?
110001
In base 14, what is -4ad5 + 1?
-4ad4
In base 12, what is 2a + -50?
-22
In base 5, what is 4 + 203?
212
In base 11, what is 4 + -629?
-625
In base 4, what is -21 + 10?
-11
In base 6, what is 102303 - 2?
102301
In base 3, what is -120 - 11122?
-12012
In base 12, what is -10 - -2?
-a
In base 6, what is -335 - -5?
-330
In base 3, what is 0 - 11012?
-11012
In base 11, what is -13 + 6?
-8
In base 10, what is -29785 + 5?
-29780
In base 16, what is -6 + 8?
2
In base 9, what is -30 - 10?
-40
In base 12, what is 3b + 5?
44
In base 3, what is 112 - 1122?
-1010
In base 6, what is -4 - -3325?
3321
In base 6, what is 3 + -4321?
-4314
In base 7, what is 2 - -431?
433
In base 3, what is 1020 + -10?
1010
In base 12, what is 12 - 19?
-7
In base 12, what is 5 - 65?
-60
In base 10, what is -42 - 43?
-85
In base 9, what is -182 - 36?
-228
In base 2, what is 11 + 10111110?
11000001
In base 14, what is 5 - 1b?
-16
In base 6, what is 2003 - 3?
2000
In base 12, what is -4 + -755?
-759
In base 2, what is -100111111 - 100?
-101000011
In base 4, what is 11200 - 11?
11123
In base 9, what is -6 + -2?
-8
In base 12, what is -1106 - -1?
-1105
In base 11, what is 0 - 7095?
-7095
In base 9, what is -58 - -13?
-45
In base 10, what is 378 + -81?
297
In base 14, what is -4 + 892?
88c
In base 9, what is -5 - -133?
127
In base 10, what is 1616 - -5?
1621
In base 14, what is -73 + -31?
-a4
In base 7, what is 3 - 41?
-35
In base 12, what is -41 - -4?
-39
In base 5, what is -2 - -141?
134
In